{"id":169,"date":"2024-07-28T17:06:21","date_gmt":"2024-07-28T17:06:21","guid":{"rendered":"https:\/\/salinsolutions.mx\/irau\/?page_id=169"},"modified":"2024-08-05T00:51:18","modified_gmt":"2024-08-05T00:51:18","slug":"meditando","status":"publish","type":"page","link":"https:\/\/salinsolutions.mx\/irau\/meditando\/","title":{"rendered":"Meditando"},"content":{"rendered":"\n<div class=\"wp-block-media-text is-stacked-on-mobile\"><figure class=\"wp-block-media-text__media\"><img loading=\"lazy\" decoding=\"async\" width=\"1024\" height=\"822\" src=\"https:\/\/salinsolutions.mx\/irau\/wp-content\/uploads\/2024\/08\/281858900_107960498590574_6083603330514723563_n-1024x822.jpg\" alt=\"\" class=\"wp-image-206 size-full\" srcset=\"https:\/\/salinsolutions.mx\/irau\/wp-content\/uploads\/2024\/08\/281858900_107960498590574_6083603330514723563_n-1024x822.jpg 1024w, https:\/\/salinsolutions.mx\/irau\/wp-content\/uploads\/2024\/08\/281858900_107960498590574_6083603330514723563_n-300x241.jpg 300w, https:\/\/salinsolutions.mx\/irau\/wp-content\/uploads\/2024\/08\/281858900_107960498590574_6083603330514723563_n-768x617.jpg 768w, https:\/\/salinsolutions.mx\/irau\/wp-content\/uploads\/2024\/08\/281858900_107960498590574_6083603330514723563_n-1536x1234.jpg 1536w, https:\/\/salinsolutions.mx\/irau\/wp-content\/uploads\/2024\/08\/281858900_107960498590574_6083603330514723563_n-600x482.jpg 600w, https:\/\/salinsolutions.mx\/irau\/wp-content\/uploads\/2024\/08\/281858900_107960498590574_6083603330514723563_n.jpg 1920w\" sizes=\"auto, (max-width: 1024px) 100vw, 1024px\" \/><\/figure><div class=\"wp-block-media-text__content\">\n<p>La importancia de un espacio para meditar<\/p>\n\n\n\n<p>Todos los temas nos llevan a la recomendaci\u00f3n de meditar y lo mas recomendado es hacerlo en un espacio dedicado a ello.<\/p>\n\n\n\n<p>Las ideas de ambientaci\u00f3n pueden ser muchas y adaptarlo a lo que a ti te haga sentir mas c\u00f3modo, seguro y alejado de cualquier contaminante visual o auditivo.<\/p>\n\n\n\n<p>Mis <a><\/a>recomendaciones ser\u00edan:<\/p>\n\n\n\n<p>1.- Elige un espacio en tu hogar, si tienes la posibilidad, lo ideal ser\u00eda un espacio al a\u00edre libre rodeado de elementos naturales, de ser en un espacio cerrado, coloca plantas y una fuente, para atraer buenas energ\u00edas.<\/p>\n\n\n\n<p>2.- Evita la entrada de elementos contaminantes de energ\u00eda al \u00e1rea, ingresa sin zapatos y evita el uso aparatos electr\u00f3nicos.<\/p>\n\n\n\n<p>3.- Decora el lugar con im\u00e1genes que te motiven y te ayuden a desconectarte, poniendo en paz la mente y el cuerpo relajado.<\/p>\n\n\n\n<p>4.- Utilizar incienso o esencia, aromas suaves y una veladora blanca.<\/p>\n\n\n\n<p>5.- Al inicio armoniza el ambiente con las vibraciones de un cuenco tibetano, gong o cualquier campanilla tubular.<\/p>\n\n\n\n<p>Al querer interiorizar y hablar con nuestro yo supremo, debemos lograr una interconecci\u00f3n con la base o energ\u00eda b\u00e1sica de nos dirige que corresponde a los cuatro elementos : Fuego (vela), Tierra (plantas), A\u00edre y Agua(fuente o vaso con agua).<\/p>\n\n\n\n<p>En IRAU tenemos a tu alcance, fuentes, cuencos tibetanos, mantas con mandalas, pregunta por nuestros precios.<\/p>\n\n\n\n<p>NAMASTE<\/p>\n<\/div><\/div>\n\n\n\n<figure class=\"wp-block-image size-full\"><img loading=\"lazy\" decoding=\"async\" width=\"392\" height=\"419\" src=\"https:\/\/salinsolutions.mx\/irau\/wp-content\/uploads\/2024\/07\/meditacion.jpg\" alt=\"\" class=\"wp-image-170\" srcset=\"https:\/\/salinsolutions.mx\/irau\/wp-content\/uploads\/2024\/07\/meditacion.jpg 392w, https:\/\/salinsolutions.mx\/irau\/wp-content\/uploads\/2024\/07\/meditacion-281x300.jpg 281w\" sizes=\"auto, (max-width: 392px) 100vw, 392px\" \/><\/figure>\n","protected":false},"excerpt":{"rendered":"<p>La importancia de un espacio para meditar Todos los temas nos llevan a la recomendaci\u00f3n de meditar y lo mas recomendado es hacerlo en un espacio dedicado a ello. Las ideas de ambientaci\u00f3n pueden ser&hellip;<\/p>\n","protected":false},"author":1,"featured_media":0,"parent":0,"menu_order":0,"comment_status":"closed","ping_status":"closed","template":"","meta":{"footnotes":""},"class_list":["post-169","page","type-page","status-publish","hentry"],"_links":{"self":[{"href":"https:\/\/salinsolutions.mx\/irau\/wp-json\/wp\/v2\/pages\/169","targetHints":{"allow":["GET"]}}],"collection":[{"href":"https:\/\/salinsolutions.mx\/irau\/wp-json\/wp\/v2\/pages"}],"about":[{"href":"https:\/\/salinsolutions.mx\/irau\/wp-json\/wp\/v2\/types\/page"}],"author":[{"embeddable":true,"href":"https:\/\/salinsolutions.mx\/irau\/wp-json\/wp\/v2\/users\/1"}],"replies":[{"embeddable":true,"href":"https:\/\/salinsolutions.mx\/irau\/wp-json\/wp\/v2\/comments?post=169"}],"version-history":[{"count":3,"href":"https:\/\/salinsolutions.mx\/irau\/wp-json\/wp\/v2\/pages\/169\/revisions"}],"predecessor-version":[{"id":207,"href":"https:\/\/salinsolutions.mx\/irau\/wp-json\/wp\/v2\/pages\/169\/revisions\/207"}],"wp:attachment":[{"href":"https:\/\/salinsolutions.mx\/irau\/wp-json\/wp\/v2\/media?parent=169"}],"curies":[{"name":"wp","href":"https:\/\/api.w.org\/{rel}","templated":true}]}}